 -6*(-5097)/(-6). Suppose 29*j - 12094 - g = 0. What is the tens digit of j?
9
Let w(v) = 2339*v + 1849. What is the hundreds digit of w(3)?
8
Suppose 0 = -2*p + b - 6, -4*p + 0*b = 3*b - 8. What is the tens digit of (p + 21/(-6))*(6 + -68)?
7
Let n be 3983/28 + 6/(-24). What is the thousands digit of 15/(((-8)/40)/(n/(-10)))?
1
Let u = 144 + 528. Suppose 2*l = 5*l - u. What is the hundreds digit of l?
2
What is the thousands digit of 6592 - (-8 - (14 + -26))?
6
Suppose -36346 = -34*s + 274108. What is the thousands digit of s?
9
Let z(m) be the second derivative of -m**5/20 + 17*m**4/12 + 7*m**2 + 26*m. Let h be z(16). Let q = h + -148. What is the hundreds digit of q?
1
Let g be (10 + 172/(-12))/(2/(-168)). Suppose -2*u + g = -52. What is the tens digit of u?
0
Let u be 10/(-60) + (-23)/6. Let d(b) = -13*b**3 - 6*b**2 - 2*b - 3. What is the hundreds digit of d(u)?
7
Suppose -20*x + 40126 = -16*x + q, -60182 = -6*x + 2*q. What is the ten thousands digit of x?
1
Let v = -79 - -74. Let l(h) = 4*h**2 - 14*h - 39. What is the units digit of l(v)?
1
Let z = 17824 - 8695. What is the thousands digit of z?
9
Let b be 1160/(-108)*-3 - (-2)/(-9). Let t = 61 - b. Suppose t*j + 160 = 33*j. What is the tens digit of j?
4
Let h(d) = 73*d**3 - 2*d**2 + 6*d + 26. What is the hundreds digit of h(4)?
6
Let m(f) = f**3 + 12*f**2 - 16*f - 1. Let q be m(-13). Let z = -33 + q. Suppose -5*t - j - j + 315 = 0, -j = z*t - 315. What is the units digit of t?
3
Let y = -5 + 12. Suppose 0 = y*q - 4 - 3. Let m(n) = 101*n**2 - 2*n + 3. What is the units digit of m(q)?
2
Let r(n) = 411*n + 2531. What is the thousands digit of r(26)?
3
Let q(i) = -2*i**3 - 48*i**2 - 15*i + 18. Let z = 198 + -222. What is the units digit of q(z)?
8
Suppose 97*l - 69179 = -2*i + 102*l, -i - 3*l = -34584. What is the ten thousands digit of i?
3
Let q(b) = 4*b**3 - 26*b**2 + 33*b - 56. What is the units digit of q(14)?
6
Let z(r) = 17851*r**2 - 1632*r + 3264. What is the hundreds digit of z(2)?
4
Suppose 31*b - 4*i + 15117 = 32*b, 5*b = 3*i + 75700. What is the ten thousands digit of b?
1
Let f(d) = 23*d - 22. Let w be f(4). Suppose -2*l = -l + w. Let p = -44 - l. What is the tens digit of p?
2
What is the tens digit of ((-6)/(-15))/((-1)/(-20)*(-4)/(-7604))?
0
Let q be (2/3)/(2 + (-11)/6). Suppose 0 = q*b + 3 + 5. What is the tens digit of 2/1 - ((-220)/(-1))/b?
1
Let n(h) be the third derivative of 353*h**5/60 - h**4/12 - h**3/2 + 59*h**2. What is the hundreds digit of n(-1)?
3
Suppose 3*j + 245 = 2*x, 2*x = 12*j - 15*j + 251. What is the tens digit of (46159/x)/(3/12)?
8
Let l = 47840 + -27283. What is the hundreds digit of l?
5
Let t = 18155 + 21920. What is the units digit of t?
5
Suppose -k - 32 = 5*v - 21, 0 = -2*v - 4. Let s be ((-21)/(-7))/(6/14). Let o = s + k. What is the units digit of o?
6
Let d(o) = -o**3 + 3*o**2 - 5*o - 10. Let p(g) = g**3 - 2*g**2 + 4*g + 11. Let m(a) = -2*d(a) - 3*p(a). What is the units digit of m(-12)?
9
Suppose -4*u = -v - 4*v - 12, 0 = 5*v - 5*u + 10. Let a be ((-12)/v)/(((-12)/5)/(-4)). Suppose 3*z - a*w = 439, 2*w - 99 = -z + 40. What is the tens digit of z?
4
What is the tens digit of 0 + (25 + -33 - (-43074 + 2 + -1))?
6
Suppose -5*v - 101 = n - 15, -4*n - 38 = 2*v. Let l = 201 + -159. Let s = l + v. What is the tens digit of s?
2
Let j(f) = 2 + 16*f - 28*f**3 + 58*f**2 - 49*f**2 - 38*f**3. What is the thousands digit of j(-3)?
1
Let f = -47 + 37. What is the hundreds digit of -2 + (-24)/f + 21153/55?
3
Let w(g) = 2*g**3 + 54*g**2 - 55*g + 18. What is the units digit of w(-27)?
3
Suppose 0 = -3*n + 14 + 1081. Let g = 835 - n. What is the units digit of g?
0
Let v(h) = 11*h**2 - 12*h + 52. Let o be v(11). What is the hundreds digit of (o - -1)*114/152?
9
Suppose -4*q + a - 180 = 0, 7*a = 8*a. What is the hundreds digit of (q/(-2) - 0)/((-160)/(-3840))?
5
Suppose -6 = -43*s + 41*s. Suppose 218 + 1182 = 2*y + s*r, 1404 = 2*y + r. What is the hundreds digit of y?
7
Let l(s) = -4*s**2 + 84*s - 19. Let w be l(20). Suppose 47*o = w*o - 19978. What is the thousands digit of o?
1
Let c = -57 + 35. Let r = c + 36. What is the tens digit of (-18 + -99)/(1 - r/8)?
5
Let j = -298 - -544. Let b = j - 434. What is the units digit of 4 + 0 + b/(-4)?
1
Let c(f) = 6*f**3 - 15*f**2 + 14*f + 55. Let g(d) = -5*d**3 + 11*d**2 - 13*d - 55. Let b(k) = 4*c(k) + 5*g(k). What is the tens digit of b(-11)?
7
Let m(l) = -22*l - 122. Let h be m(-5). What is the hundreds digit of 20223/36 + ((-3)/h - 0)?
5
Suppose -18*i - 10*p = -5*p - 508949, -141372 = -5*i - p. What is the hundreds digit of i?
2
Suppose -2*v - 3*f + 778 = 0, -2*f - 1167 = 26*v - 29*v. What is the tens digit of v?
8
Let p(j) be the second derivative of j**5/20 - j**4/6 - j**3/3 - 2*j**2 - j. Let l(u) = u**2 - 9*u - 48. Let x be l(-4). What is the units digit of p(x)?
0
Suppose 41 + 394 = -3*o. Let q = o + 292. What is the tens digit of q?
4
Suppose 0 = -3*b + 5*w + 33, w - 36 = -4*b - 15. Let l be 17 - (-2 + b)/(-4). Suppose -15 = p - l. What is the units digit of p?
3
Let a = 22 - 22. Let n(k) = 2*k**2 - k + 615. What is the tens digit of n(a)?
1
Let c(d) = d**3 + 7*d**2 + 10*d + 29. Let l be c(-6). Suppose -2*r = l*r - 1449. What is the tens digit of r?
0
Let f = 10 - -162. Suppose -5*a = -2*c - 0*c - 243, -4*c = 4*a - f. What is the units digit of a?
7
Suppose 6*w - 5548 - 11678 = 0. What is the tens digit of w?
7
What is the units digit of (54 - 100)*(-481)/2?
3
Let y(u) be the second derivative of 33*u**3/2 + 171*u**2/2 + 59*u. What is the hundreds digit of y(7)?
8
Let u(a) = 1055*a**2 - 70*a + 540. What is the units digit of u(6)?
0
Suppose -19651 - 162335 = -21*w. Let h be (-4)/34 + w/(-34). What is the hundreds digit of (0 - (h + -4))*(5 + -4)?
2
Suppose 344*a = 324*a + 80. Suppose 4*q = 4*c + 24, 0 = q + 4*c - 19 + 3. Suppose a*h - 3168 = -q*h. What is the units digit of h?
4
Let m(q) = -q**3 + 4*q**2. Let k(j) = 5*j**3 - 55*j**2 + 14*j + 23. Let n(i) = -k(i) - 6*m(i). What is the tens digit of n(-30)?
9
Suppose -3*o = 0, -d - 3960 = -3*d + 4*o. Suppose -4838 - d = -7*n. What is the units digit of n?
4
Let l = 125 + -107. Suppose -10*q - 1680 = -l*q. What is the tens digit of q?
1
Let r(v) = 3*v - 27. Let g(x) = -3*x + 28. Let t(m) = 4*g(m) + 5*r(m). Let o be t(8). Suppose 0 = 2*j - o - 1, 619 = 4*p - j. What is the units digit of p?
5
Let k = 15380 + -10646. What is the thousands digit of k?
4
Suppose -241*p + 240*p + 47111 = 3*b, 0 = 6*b - 5*p - 94229. What is the hundreds digit of b?
7
What is the thousands digit of -3 + 2 - -25852 - (-209 - -210)?
5
Let j(g) = -g**2 - 26*g + 5. Let v be j(-26). Suppose -2*y + 8 = 0, -v*n + 5*y + 101 = -4*n. What is the units digit of n?
1
Suppose 4*t - y = -172, -5*y + 68 = -5*t + 3*t. Let u = t - -174. Let x = -113 + u. What is the tens digit of x?
1
What is the tens digit of 128/48 - 2342214/(-54)?
7
Let f be 820/(-246)*(-201)/5. Suppose 4*x - 4 = 0, -d - 4*x = 2*d - 781. Let b = d - f. What is the hundreds digit of b?
1
Let p = 1327 + -293. Suppose -1 = a, 4*j + 8*a = 10*a + p. What is the hundreds digit of j?
2
Suppose -1 = -5*k + 5*z - 3*z, -3*k + 5*z = 7. Suppose 2*g = 5 + k. Suppose 3*p - t - 76 = 3*t, 2*p + g*t - 62 = 0. What is the units digit of p?
8
Let n be (-12)/15 + 393/(-15). Let g(u) = 3*u**2 + u - 4. Let z be g(4). Let h = z - n. What is the tens digit of h?
7
Suppose -j + 43213 = -5*n, 2*n + 11 + 5 = 0. What is the thousands digit of j?
3
Let i be 400/144 - 4/(-18). Let u = i - -2. Suppose -r - u*f + 180 = 0, 488 = 3*r + f + f. What is the hundreds digit of r?
1
Suppose 3*i - 6*i + 64 = -z, 5*i - 3*z - 108 = 0. Suppose i*w - 1935 = 10245. What is the units digit of w?
0
What is the tens digit of -15*6/(-27)*(-1313664)/(-256)?
0
Suppose 22 = 3*u - 2*h - 6, 18 = u - 5*h. What is the tens digit of 5272/u + -5 - 8?
4
Let n(y) = -y**3 + 14*y**2 - 14*y + 13. Let u be n(13). Suppose u = c + 5, -3*f + 0*f + 4*c = -1892. What is the tens digit of f?
2
Let t(d) be the second derivative of d**4/24 + 11*d**3/6 - 7*d**2 - 10*d. Let a(b) be the first derivative of t(b). What is the units digit of a(-3)?
8
What is the ten thousands digit of (-117806)/(-8) - (8 - 481/52 - -2)?
1
Suppose -25*k + 28 = -18*k. Suppose -2*b - 3*b = -10, -k*x + 5*b = 154. What is the u